-0*f - 2*f, 2*c + f = 3. What is the remainder when 10 is divided by 2*1 - (c - 6)?
4
Let h(f) = 12*f - 5. Let b be 1/1*(-2 + 6). What is the remainder when h(b) is divided by 22?
21
Let f = -4 + 3. Calculate the remainder when -5 - -59 - (f - 0) is divided by 14.
13
Suppose 5 = -3*u + 20. Calculate the remainder when 18 is divided by u.
3
Let b(h) = 3*h**3 - h**3 + 3*h - h - h**3 - 2*h**2. Let u = 4 - -4. Calculate the remainder when b(3) is divided by u.
7
Let v(r) = 4*r**2. Suppose 52*d + 30 = 53*d. What is the remainder when d is divided by v(-2)?
14
Let q(v) = 9*v - 57. What is the remainder when 134 is divided by q(8)?
14
Suppose 660 = 2*p + 3*p. Let b = -93 + p. Let a = b + -26. Calculate the remainder when 25 is divided by a.
12
Suppose -133 = -2*d + 3*m, -3*m + 88 = d + 26. What is the remainder when d is divided by 22?
21
What is the remainder when (-2 - 3) + (9 - -11) is divided by 5?
0
Suppose 0 = -4*b - 19 + 71. What is the remainder when b is divided by 3?
1
Let i(c) = c**2 - 2*c + 3. Let t be i(4). Let m = 13 - t. What is the remainder when 5 is divided by m?
1
Let j(r) = -r**3 - 10*r**2 - 12*r - 6. Calculate the remainder when j(-9) is divided by 6.
3
Let l(a) = a + 8. Let n be l(-4). Suppose 0 = 3*m + m + n*q - 12, 2*m - 10 = 2*q. Calculate the remainder when m is divided by 3.
1
Let o(b) = 0 - 6*b - b**2 - 4 - 2. Let y be o(-4). Suppose g - 40 = -y*u + 3*u, -g = 3*u - 32. Calculate the remainder when g is divided by 13.
12
Let b(z) = -z**3 - 6*z**2 - 2*z - 9. Let t be b(-6). Suppose 0 = 3*v + 2*v + 10, 0 = 3*i + t*v - 3. What is the remainder when 8 is divided by i?
2
Let b(g) = 2*g**2 - 7*g + 5. Suppose l = -0*l + k + 11, -2*l - 4*k = -22. Let c = l - -5. What is the remainder when c is divided by b(4)?
7
What is the remainder when 26 is divided by ((-4)/3)/((-4)/15)?
1
Let i be 4/(1/62*4). Suppose -l + 18 = -3*s - 8, 5*l - i = -2*s. What is the remainder when 27 is divided by l?
13
Suppose v + 1 = 3. Suppose v*w - 21 - 7 = 0. Suppose -2*u = -3*k - 4*u + 18, 2*u - 34 = -5*k. What is the remainder when w is divided by k?
6
Let c(b) = b**2 - 6*b - 9. Let j be c(7). Calculate the remainder when -3 - (44 + 0)/(-4) is divided by (-3)/((-2)/(4 + j)).
2
Let y(g) = -2*g**3 - 3*g**2 - g - 2. Let p be y(-2). Suppose 170 = p*s - 2*k, 5*k - 6 = -31. Calculate the remainder when s is divided by 15.
10
Let u be -4 + 8 + -4 + -1 + 11. Suppose 3*z = -4*f + 55 + 58, -5*z - 4*f = -191. Let o = u + z. Calculate the remainder when o is divided by 13.
10
Let i(n) = -2*n + 2. Calculate the remainder when 94 is divided by i(-5).
10
Let i = 44 + -12. What is the remainder when i is divided by 9?
5
Suppose 5*d = 46 + 39. Let t = 6 + 15. Suppose -5*g - 4*l = -50, 0*g + 3*l = -g + t. What is the remainder when d is divided by g?
5
Let x be 2 - 2 - 7*-2. Suppose 0*o - x = -3*i - 2*o, -o = 5. Suppose 0*u = 3*u - 2*s - 13, 2*u = -3*s. Calculate the remainder when i is divided by u.
2
Calculate the remainder when 26 is divided by -9*3/6*-2.
8
Let h(d) = 5*d**2 + 4*d + 2. Suppose r - 3 = -3*c + 3, -3 = -5*c - 4*r. Suppose 4*j + 5 + c = 0. What is the remainder when h(j) is divided by 5?
4
Suppose -2*k = 3*k - 115. Suppose -14*w + 17*w = 18. What is the remainder when k is divided by w?
5
Let t(r) = -2*r - 1. Let b be t(-1). Let m(h) = 7*h**2 + 2*h - 1. What is the remainder when 30 is divided by m(b)?
6
What is the remainder when (-147)/(-9) + (-8)/(-12) is divided by 6?
5
Let j = 30 - 20. Suppose -5*n + 4*g - 2*g = -38, n - j = -2*g. What is the remainder when 22 is divided by n?
6
Suppose 29*q = 25*q + 40. Calculate the remainder when 56 is divided by q.
6
Calculate the remainder when (2 - 6) + 2 - -123 is divided by 41.
39
Let y be (-2)/((-8)/6 - -2). What is the remainder when 38 is divided by 28/((-16)/(-4)) - y?
8
Let l(f) = -f + 23. What is the remainder when 21 is divided by l(15)?
5
Let j(a) = a**2 + a - 2. Suppose -2 = -2*b + 2. Let r be j(b). Suppose 4*y + r = 36. Calculate the remainder when 22 is divided by y.
6
Let y = -220 + 239. Suppose 2*v - 19 = u, 4*u - 41 + 7 = -2*v. What is the remainder when y is divided by v?
8
Let f = 12 - -5. Suppose -2*s - s + 2*m + f = 0, 2*s = 3*m + 18. What is the remainder when s is divided by 2?
1
Suppose 4*f = 46 + 2. Let w be 2/8 - 3/f. Let d = 2 + w. What is the remainder when 2 is divided by d?
0
Suppose 0 = 4*m + 3*i - 60, -m + 2*i = -4 - 0. Calculate the remainder when 33 is divided by m.
9
Let n(a) be the third derivative of a**5/60 + a**4/6 - 5*a**3/3 - 6*a**2. Calculate the remainder when 20 is divided by n(-7).
9
Calculate the remainder when 63 is divided by ((-10)/(-5))/(4/32).
15
Let l be (-34)/5 - (-3)/(-15). Let d = 12 + l. Suppose -3*v + d*v = -4*o + 36, -v - 59 = -5*o. What is the remainder when 20 is divided by o?
9
Let t = -1 + 18. Suppose -6 = -b + 3*w, 41 = 4*b + w + 4. Calculate the remainder when t is divided by b.
8
Let a(l) = l**3 + 17*l**2 + 14*l + 4. What is the remainder when a(-16) is divided by 19?
17
Suppose -5*a = -3*k - 65, -a - 2*a + 3*k + 45 = 0. What is the remainder when 18 is divided by a?
8
Let n(k) = k**3 + 7*k**2 + 4*k + 4. Calculate the remainder when n(-5) is divided by 47/4 + (-6)/(-24).
10
Let x = -8 + 14. Calculate the remainder when (-410)/(-15)*x/4 is divided by 15.
11
Suppose -66 = -4*a + 138. Calculate the remainder when a is divided by (-2)/8 - 327/(-12).
24
Suppose -21 - 27 = -3*p. What is the remainder when 27 is divided by -3*(p/(-3) - -2)?
7
Let o = -4 + 4. Suppose o = -2*a + a + 29. Suppose l - 6 - 9 = 0. Calculate the remainder when a is divided by l.
14
Suppose -5*n = n - 18. Suppose -w = -2*j + j + 3, w + 1 = 0. What is the remainder when 28/6 - j/3 is divided by n?
1
Let i = -97 - -100. Calculate the remainder when 9 is divided by i.
0
Suppose -3*u - 136 = -2*m + m, -2*u = -4*m + 534. What is the remainder when m is divided by 27?
25
Let d = -29 - -49. Calculate the remainder when 38/1 - (2 + -1) is divided by d.
17
Let g = -55 + 83. Let v(q) be the second derivative of q**3/6 + 15*q**2/2 + 3*q. Calculate the remainder when g is divided by v(0).
13
Suppose -2*v - 2*v - 4*q + 48 = 0, -15 = -3*q. Suppose -2*n + 16 = 3*r - 24, 0 = 3*n - 4*r - 60. Calculate the remainder when n is divided by v.
6
Let b = -16 + 42. What is the remainder when 51 is divided by b?
25
Suppose -2*r + d + 12 = -38, 5*r = -2*d + 134. What is the remainder when 102 is divided by r?
24
Let r be 1 - 1 - (-27)/9. Suppose 0 = -4*l + r*l + 22. What is the remainder when l is divided by 6?
4
Calculate the remainder when 53 is divided by 24/(-2)*12/(-8).
17
What is the remainder when 3*((-86)/3)/(-1) is divided by 23?
17
Let f(s) = -s + 1. Let x(v) = 2*v - 7. Let h(w) = 6*f(w) + x(w). What is the remainder when 3 + 27 + 2 + 0 is divided by h(-3)?
10
Let z be 3/(-6) - 9/(-2). Suppose 0 = u - 3*u + z. Suppose c - 2 - 2 = 0. Calculate the remainder when c is divided by u.
0
Let m(z) = 7*z. Suppose 1 + 11 = 4*n. What is the remainder when m(1) is divided by n?
1
Suppose 8*l - 5*l - 90 = -5*x, 4*l - 120 = 2*x. Suppose 8*r = r + 77. What is the remainder when l is divided by r?
8
Suppose -v + 2 + 3 = 0. Suppose 5*r + v = 25. Calculate the remainder when 6 is divided by r.
2
Let y(n) = -67*n**3 + 2*n**2 + 2*n + 1. What is the remainder when y(-1) is divided by 21?
5
Suppose 2*o - 21 = -3. Calculate the remainder when o is divided by 4.
1
Suppose -4*b - 5*r + 24 = 0, b + 9 = 2*b + 2*r. What is the remainder when b is divided by 1?
0
Suppose -153 = -3*s - 2*s + 3*l, 3*s - 111 = -3*l. Suppose -5*i = 3*m - 6*m - 320, 5*i + 3*m = 320. Calculate the remainder when i is divided by s.
31
Let g(b) = -b**2 - 1 + 0*b**2 + 2*b**2 - 4*b. What is the remainder when g(-5) is divided by 15?
14
Let l(n) = -n**2 + 5*n - 4. Let m be l(4). Let f(i) = 2*i + m*i - i - 5. What is the remainder when f(9) is divided by 3?
1
Suppose 4*g = -5 + 21. What is the remainder when 14 is divided by g?
2
Let z(c) = c**2 + 2. What is the remainder when 18 is divided by z(0)?
0
Suppose 5*a + u - 10 - 5 = 0, 17 = 3*a - u. Suppose a = 2*k + g, -5*g = 3*k - 3*g - 4. What is the remainder when 6 is divided by k?
2
Suppose -5*z + 3*b = -32 - 5, -z + 2*b + 6 = 0. Calculate the remainder when 47 is divided by z.
7
Let o = 24 + -24. 